) = 1065*n + 48949. Give b(-49).
-3236
Let q(j) = 56*j - 3550. Calculate q(31).
-1814
Let h(s) = 17027*s + 16843. Determine h(-1).
-184
Let g(a) = -10*a**3 + 68*a**2 + 287*a - 798. Give g(9).
3
Let u(d) = 3*d**3 - 200*d**2 - 472*d + 13587. What is u(68)?
-13
Let k(c) = -2*c**3 - 156*c**2 - 490*c - 25923. What is k(-77)?
-51
Let y(i) = 517*i - 70874. Give y(131).
-3147
Let c(u) = -u**3 + 9*u**2 - 6*u - 17. What is c(9)?
-71
Let h(d) = -1312*d - 21293. Give h(-16).
-301
Let v(d) = -7*d**2 - 2725*d - 118748. Calculate v(-50).
2
Let g(l) = 446*l + 9168. Calculate g(-20).
248
Let g(t) = -t**2 + 6559*t - 98136. What is g(15)?
24
Let y(f) = -8*f**2 - 35*f + 351. Calculate y(15).
-1974
Let z(x) = -4497*x + 84135. Determine z(19).
-1308
Let q(a) = -6*a**3 - 496*a**2 - 232*a + 7830. Give q(-82).
-42
Let z(h) = -3975*h - 36903. Give z(-9).
-1128
Let w(p) = p**3 + 110*p**2 + 310*p - 1062. Give w(-107).
115
Let n(u) = 14518*u - 972543. What is n(67)?
163
Let n(q) = q**2 - 1863*q + 5583. Calculate n(3).
3
Let h(s) = -188*s + 2902. Determine h(14).
270
Let g(f) = 2*f**3 + 549*f**2 + 8025*f - 1065. Calculate g(-259).
-29
Let v(i) = -43*i + 5219. Determine v(139).
-758
Let k(a) = 119178*a - 715061. Calculate k(6).
7
Let u(h) = 2*h**3 + 18*h**2 - 3*h - 179. Determine u(9).
2710
Let u(z) = 34*z**2 + 66*z + 299. What is u(-4)?
579
Let i(t) = -19214*t + 6379036. Give i(332).
-12
Let g(d) = d**3 + 30*d**2 - 327*d + 82. Calculate g(10).
812
Let a(c) = -c**2 + 136*c + 50679. Calculate a(304).
-393
Let i(u) = -u**3 - 6603*u**2 + 79384*u - 64. Determine i(12).
-16
Let l(t) = 1214*t + 1121. Calculate l(-1).
-93
Let o(r) = -r**3 - 193*r**2 - 4027*r + 4890. Determine o(-169).
-11
Let f(k) = -5*k**2 - 92*k + 16. What is f(-33)?
-2393
Let s(m) = 945*m - 16025. What is s(17)?
40
Let i(j) = -2*j**2 + 356*j - 3432. Give i(169).
-390
Let q(s) = 55*s**2 - 1308*s + 5237. Give q(4).
885
Let f(m) = 78929*m + 236776. Determine f(-3).
-11
Let q(x) = 16*x**3 - 157*x**2 + 441*x - 4705. Calculate q(10).
5
Let c(j) = 2*j**2 - 125*j - 484. Determine c(64).
-292
Let f(s) = -279*s**2 - 6975*s + 15. Determine f(-25).
15
Let c(q) = -71855*q + 934113. Give c(13).
-2
Let g(h) = -80*h - 822. Give g(-3).
-582
Let o(n) = 1637*n + 11473. Determine o(-7).
14
Let a(z) = z**3 + 76*z**2 - 3576*z + 2208. Determine a(-109).
-81
Let x(c) = -c**3 + 77*c**2 - 1454*c - 520. What is x(34)?
-248
Let c(x) = 8*x**2 - 100*x + 474. What is c(6)?
162
Let o(w) = 31469*w + 818005. Determine o(-26).
-189
Let x(i) = 2*i**3 - i**2 - 74*i + 22. Give x(-6).
-2
Let b(z) = -939*z - 258213. What is b(-275)?
12
Let n(s) = 578758*s - 2893795. Calculate n(5).
-5
Let p(l) = 296*l + 1318. Determine p(-8).
-1050
Let p(d) = -5*d**2 - 2265*d + 2268. What is p(1)?
-2
Let q(o) = -o**3 - 11*o**2 + 939*o - 114. Give q(26).
-712
Let k(w) = -14*w**2 - 410*w - 185. Determine k(-30).
-485
Let o(n) = 181*n + 4194. Determine o(-19).
755
Let p(f) = -280*f**2 - 2626*f + 12. Give p(-9).
966
Let v(g) = 346021*g - 1730106. Calculate v(5).
-1
Let l(h) = -h**2 - 11932*h + 59667. What is l(5)?
-18
Let g(z) = -196*z - 9377. Determine g(-37).
-2125
Let v(o) = -3*o**2 + 1794*o + 369366. Calculate v(-162).
6
Let m(x) = -2*x**2 - 59*x + 420. Give m(-35).
35
Let n(o) = -136*o**3 - 2*o**2 - 10*o - 6. Give n(-1).
138
Let x(z) = -z**3 - 13*z**2 + 457*z + 3084. Give x(-26).
-10
Let h(k) = -5083*k - 462312. Determine h(-91).
241
Let m(p) = -p**3 + 223*p**2 - 9789*p + 1461. Calculate m(163).
-6
Let x(m) = -m**3 + 111*m**2 - 213*m - 566. Give x(109).
-21
Let p(n) = n**2 + 1694*n + 320559. Determine p(-217).
50
Let b(k) = k**3 + 3072*k**2 + 482393*k - 8713. Determine b(-2906).
5
Let l(m) = -m**3 + 11*m**2 + 76*m - 1509. Give l(16).
-1573
Let g(o) = -o**2 - 1658*o - 83501. What is g(-52)?
11
Let j(s) = -14671*s + 14582981. Determine j(994).
7
Let j(s) = 13*s**3 + 131*s**2 - 312*s. What is j(2)?
4
Let x(t) = -11*t**2 + 664*t - 5951. Determine x(11).
22
Let x(m) = -3*m**2 - 1298*m - 25944. What is x(-21)?
-9
Let f(p) = -233*p**2 + 296*p - 6. Give f(2).
-346
Let n(s) = s**3 - 4*s**2 - 2727*s - 148. What is n(54)?
-1606
Let x(w) = 1145*w**2 - 13712*w - 336. Calculate x(12).
0
Let h(u) = -78*u + 36. Determine h(16).
-1212
Let r(x) = -3682*x + 261367. Determine r(71).
-55
Let p(u) = -2*u**3 - 3*u**2 - 5*u + 64. Give p(0).
64
Let c(d) = 235*d + 53883. What is c(-229)?
68
Let k(r) = -328*r - 6869. Give k(-28).
2315
Let a(p) = 13995*p + 3708674. Determine a(-265).
-1
Let r(v) = 3*v**3 + 39*v**2 + 170*v - 48. What is r(-5)?
-298
Let o(z) = z**3 + 23*z**2 + 58*z + 31. Give o(-20).
71
Let m(c) = 267*c + 87513. What is m(-325)?
738
Let x(t) = -t**3 + 31*t**2 + 146*t - 6238. Determine x(29).
-322
Let m(x) = 3187*x - 54179. What is m(17)?
0
Let c(t) = t**2 + 282*t + 19132. Determine c(-169).
35
Let l(c) = 53*c**2 + 8473*c + 7318. What is l(-159)?
4
Let x(p) = 164*p**2 - 1717*p - 164. What is x(10)?
-934
Let f(a) = 18439*a - 92192. What is f(5)?
3
Let c(v) = 917*v - 40256. Determine c(44).
92
Let h(w) = 23*w**2 - 415*w - 7616. What is h(-14)?
2702
Let f(l) = l**3 - 417*l**2 - 3430*l + 11947. Calculate f(425).
-803
Let f(n) = -14196*n - 114525. Determine f(-8).
-957
Let r(o) = 2*o**2 + 34*o - 7696. Calculate r(-71).
-28
Let i(x) = -332735*x - 3660089. What is i(-11)?
-4
Let q(i) = 2*i**2 - 27065*i - 352186. Calculate q(-13).
-3
Let k(x) = -40*x + 3577. Determine k(76).
537
Let l(k) = -1778*k - 10569. Give l(-6).
99
Let n(r) = 2*r**3 + 90*r**2 - 10*r + 3226. Give n(-46).
-546
Let m(q) = -2*q**3 - 144*q**2 - 48*q - 3143. Determine m(-72).
313
Let h(t) = -1316*t - 11879. Calculate h(-9).
-35
Let m(o) = -o**3 + 6*o**2 + 2451*o - 19490. Determine m(8).
-10
Let g(p) = p**3 - 191*p**2 + 2311*p + 516. Give g(178).
-18
Let a(x) = -7*x**2 - 153*x + 1857. Calculate a(-41).
-3637
Let q(n) = 11*n**2 + 717*n + 2146. Give q(-3).
94
Let u(p) = -45189*p + 768204. Give u(17).
-9
Let q(h) = -2631*h - 31550. Determine q(-12).
22
Let g(d) = 4*d**3 - 3041*d**2 + 9874*d - 24944. Determine g(757).
37
Let z(o) = 14840*o - 74218. Calculate z(5).
-18
Let v(c) = -c**3 - 74*c**2 + 37436*c - 929. Determine v(-234).
7
Let y(u) = 13*u**2 + 700*u - 573. Calculate y(-55).
252
Let q(s) = -s**3 - 542*s**2 + 2418*s + 127765. Calculate q(-546).
1
Let m(i) = -387545*i + 3100373. What is m(8)?
13
Let l(m) = -749*m**2 + 3758*m - 58. Determine l(5).
7
Let k(l) = -36*l**2 + 382*l - 2644. What is k(11)?
-2798
Let q(i) = 77*i**3 - 3308*i**2 - 108*i - 730. Give q(43).
173
Let j(p) = -38442*p - 268924. Calculate j(-7).
170
Let i(z) = z**2 + 227*z + 8018. Determine i(-50).
-832
Let p(k) = -2*k**2 + 299*k + 7833. What is p(170)?
863
Let w(g) = 2*g**3 + 172*g**2 + 32*g + 840. What is w(-86)?
-1912
Let y(h) = 15646*h - 63012. Calculate y(4).
-428
Let f(r) = -2*r**3 + 188*r**2 - 170*r - 1495. What is f(93)?
-7
Let p(m) = -2*m**3 + 78*m**2 + 3355*m - 631. What is p(-26)?
19
Let p(z) = -35460*z - 212787. Calculate p(-6).
-27
Let x(r) = -6308*r + 965143. Give x(153).
19
Let r(c) = c**2 + 1749*c + 764315. What is r(-860)?
-225
Let l(d) = -27321*d - 655755. Determine l(-24).
-51
Let g(y) = 2*y**2 + 288*y + 371. Give g(-144).
371
Let m(y) = 27116*y - 80991. Calculate m(3).
357
Let l(q) = 20999*q - 378081. Determine l(18).
-99
Let p(d) = -15819*d + 94923. Calculate p(6).
9
Let h(l) = 2*l**2 - 34*l + 88. Determine h(17).
88
Let b(c) = -2*c**3 - 137*c - 757. Calculate b(-6).
497
Let u(d) = -4*d**3 + 507*d**2 - 401*d + 2860. Give u(126).
-38
Let c(l) = l**3 - 13*l**2 - 51*l + 774. Give c(12).
18
Let k(t) = -t**2 + 114*t - 2144. Give k(17).
-495
Let z(k) = -23*k**3 + 6*k**2 - 9*k + 54. Determine z(5).
-2716
Let q(d) = 4*d**3 + 299*d**2 - 61*d + 189. What is q(-75)?
-861
Let r(y) = -y**2 + 577*y - 19084. Give r(35).
-114
Let v(h) = -112*h - 26052. What is v(-230)?
-292
Let i(b) = -128075*b + 29329190. Give i(229).
15
Let o(m) = 17097*m - 393224. Calculate o(23).
7
Let w(l) = -445655*l - 15152263. Calculate w(-34).
7
Let s(h) = -5*h**2 + 473*h - 3712. Calculate s(86).
-14
Let a(b) = 12438*b - 161700. Determine a(13).
-6
Let b(a) = 7*a**2 + 381*a - 29659. Calculate b(-98).
231
Let g(y) = y**2 - 29*y + 114. Give g(-16).
834
Let m(r) = -r**3 - 14*r**2 + 232*r - 76. What is m(10)?
-156
Let k(p) = 8719*p - 131008. Give k(15).
-223
Let i(u) = -63